39
-110110110111 (base 2) to base 7
-13144
What is -6453 (base 7) in base 8?
-4364
What is 101001010 (base 2) in base 15?
170
2201120022 (base 3) to base 14
1578a
What is 9b2 (base 13) in base 6?
11414
Convert -2220220 (base 3) to base 4.
-201102
Convert 1011010001010 (base 2) to base 16.
168a
-1311 (base 4) to base 6
-313
What is -12551 (base 8) in base 13?
-2658
6045 (base 7) to base 2
100000101011
What is 12022 (base 7) in base 9?
4227
Convert -115 (base 9) to base 2.
-1011111
-12787 (base 10) to base 16
-31f3
Convert -7151 (base 10) to base 2.
-1101111101111
Convert -13294 (base 10) to base 2.
-11001111101110
2039 (base 16) to base 13
39a7
Convert 133 (base 10) to base 7.
250
-1112110220 (base 3) to base 16
-761d
Convert 14a5 (base 16) to base 12.
3085
Convert -34a (base 13) to base 7.
-1442
Convert d3 (base 14) to base 7.
353
5a22 (base 12) to base 3
111212022
What is 53343 (base 6) in base 5?
213023
-667 (base 9) to base 7
-1411
39 (base 10) to base 8
47
9172 (base 13) to base 5
1120120
Convert 6b4 (base 13) to base 8.
2211
-326 (base 10) to base 8
-506
Convert 1500 (base 6) to base 12.
290
Convert 10011111101 (base 2) to base 9.
1668
Convert ff8 (base 16) to base 9.
5542
Convert -14 (base 14) to base 10.
-18
Convert -12022000 (base 3) to base 8.
-7425
Convert -1366 (base 7) to base 5.
-4123
11103321 (base 4) to base 7
120264
Convert -24211 (base 8) to base 15.
-311c
9b7 (base 12) to base 3
1222011
Convert -4d7 (base 14) to base 3.
-1100001
Convert -21015 (base 6) to base 10.
-2819
What is -3046 (base 12) in base 3?
-21012000
Convert -232 (base 12) to base 3.
-110002
Convert 143b (base 12) to base 13.
10bb
Convert -3a9b (base 13) to base 3.
-102112110
Convert 2058 (base 9) to base 8.
2747
34333 (base 7) to base 6
104254
What is 10300320 (base 4) in base 11?
13729
What is -2320 (base 16) in base 5?
-241432
1112412 (base 5) to base 11
13909
Convert -707 (base 9) to base 4.
-20332
-201020021 (base 3) to base 10
-14020
-331051 (base 7) to base 11
-3a640
What is 4352 (base 12) in base 11?
5623
-51 (base 12) to base 14
-45
-44a4 (base 11) to base 12
-3516
Convert 303201 (base 4) to base 11.
2528
Convert -78 (base 11) to base 6.
-221
2061 (base 12) to base 16
dc9
Convert -1101120 (base 3) to base 12.
-706
What is b22 (base 14) in base 12?
1322
Convert 73a (base 13) to base 9.
1618
What is -393 (base 10) in base 12?
-289
-2001 (base 6) to base 10
-433
203333 (base 8) to base 11
46614
What is 2140 (base 10) in base 4?
201130
What is 346 (base 15) in base 5?
10431
Convert 8ba (base 15) to base 6.
13051
What is 6f8e (base 16) in base 3?
1110011201
Convert -678 (base 12) to base 3.
-1022102
Convert -234 (base 8) to base 4.
-2130
-210201110 (base 3) to base 6
-201150
-1001010100 (base 2) to base 7
-1511
361 (base 10) to base 9
441
1a5 (base 13) to base 7
613
-2099 (base 14) to base 9
-7637
Convert 1003 (base 5) to base 14.
92
Convert -2225 (base 6) to base 16.
-209
31100 (base 4) to base 10
848
Convert 23433 (base 6) to base 11.
2616
What is -21263 (base 8) in base 3?
-110012000
What is -11000111110110 (base 2) in base 3?
-122112201
-5304 (base 7) to base 4
-131022
-2422 (base 6) to base 13
-365
What is 14645 (base 8) in base 15?
1e2a
What is -7ab0 (base 14) in base 11?
-15024
Convert 313311 (base 5) to base 11.
7946
Convert 210063 (base 7) to base 3.
1211110120
Convert 1000010010000 (base 2) to base 13.
1c12
What is 2416 (base 10) in base 4?
211300
What is -13120 (base 4) in base 6?
-2104
What is 3112003 (base 4) in base 14?
4dc7
-1010100110 (base 2) to base 13
-402
What is -cbb4 (base 16) in base 13?
-1a975
Convert 1050 (base 9) to base 12.
546
Convert 690 (base 10) to base 9.
846
-4a6b (base 15) to base 11
-10a00
What is -10011000011011011 (base 2) in base 5?
-4444133
Convert 8d (base 14) to base 4.
1331
Convert 3502 (base 6) to base 11.
695
What is -196 (base 11) in base 2?
-11100010
-383 (base 9) to base 14
-18a
What is 10222 (base 10) in base 6?
115154
Convert 100130 (base 4) to base 7.
3032
What is 895 (base 13) in base 16?
5c2
Convert -33a10 (base 11) to base 7.
-263154
Convert -86c (base 13) to base 8.
-2642
-102200122 (base 3) to base 9
-12618
Convert 37107 (base 10) to base 12.
19583
Convert 101e (base 16) to base 11.
3111
What is 355120 (base 7) in base 4?
33223030
-12100 (base 3) to base 16
-90
Convert -41521 (base 7) to base 11.
-773a
What is -906 (base 14) in base 16?
-6ea
-878 (base 12) to base 15
-57e
-1342 (base 6) to base 13
-20c
What is -110000111010100 (base 2) in base 12?
-125b0
What is 110402 (base 5) in base 3?
12021200
Convert 712 (base 9) to base 10.
578
114f (base 16) to base 5
120211
What is 11001111100 (base 2) in base 13?
9a9
4022 (base 6) to base 16
36e
-220 (base 7) to base 10
-112
1358 (base 10) to base 16
54e
Convert 320204 (base 5) to base 6.
121235
What is 10001011110101 (base 2) in base 12?
5219
10101011 (base 2) to base 16
ab
Convert 644 (base 8) to base 16.
1a4
a4a (base 11) to base 6
5504
Convert 3360 (base 7) to base 15.
563
-35233 (base 6) to base 7
-20520
What is 41 (base 15) in base 12?
51
Convert -1939 (base 11) to base 14.
-c7c
What is -1312 (base 13) in base 14?
-dc3
11111011111 (base 2) to base 16
7df
What is -261 (base 13) in base 10?
-417
Convert -12875 (base 12) to base 6.
-313425
-4bf (base 16) to base 4
-102333
-1120111221 (base 3) to base 11
-21317
What is 512 (base 9) in base 16?
1a0
Convert -64 (base 10) to base 4.
-1000
279 (base 12) to base 10
381
Convert -5634 (base 13) to base 6.
-131430
What is 2101 (base 4) in base 10?
145
What is -3f5 (base 16) in base 6?
-4405
What is 42174 (base 8) in base 9?
26040
Convert 11a20 (base 11) to base 12.
9b58
Convert -213 (base 8) to base 11.
-117
What is 6725 (base 8) in base 16?
dd5
257a (base 12) to base 11
3232
-763 (base 8) to base 2
-111110011
What is -206 (base 8) in base 13?
-a4
What is -1102 (base 8) in base 11?
-486
-1793 (base 11) to base 7
-6435
Convert 230 (base 12) to base 6.
1300
What is -11010101111 (base 2) in base 15?
-791
What is -312122 (base 4) in base 5?
-102412
10110101 (base 3) to base 5
40041
Convert -3162 (base 10) to base 6.
-22350
Convert -2324 (base 6) to base 12.
-3a4
What is 376 (base 11) in base 7?
1205
What is 544 (base 6) in base 9?
251
Convert 530020 (base 6) to base 13.
1661a
What is 7857 (base 10) in base 13?
3765
Convert -285f (base 16) to base 4.
-2201133
What is -1375 (base 13) in base 9?
-3751
-13924 (base 10) to base 13
-6451
Convert -1000100010 (base 2) to base 6.
-2310
-11100000101111 (base 2) to base 16
-382f
421150 (base 6) to base 12
177b6
-111000 (base 3) to base 14
-1b1
What is -23330220 (base 4) in base 11?
-33848
What is -14403 (base 9) in base 8?
-23114
Convert -216e (base 16) to base 5.
-233213
What is 1101200211 (base 3) in base 16?
6b59
Convert -36b (base 15) to base 16.
-308
Convert -10358 (base 12) to base 10.
-21236
-354 (base 14) to base 7
-1634
Convert 23213 (base 4) to base 16.
2e7
What is 351 (base 12) in base 11?
409
Convert -30ae (base 15) to base 10.
-10289
What is -2485 (base 12) in base 7?
-15023
2111 (base 5) to base 16
119
2039 (base 12) to base 4
312231
What is -321003 (base 4) in base 11?
-281a
What is 16 (base 16) in base 3?
211
What is 1e1 (base 16) in base 11?
3a8
What is -112021 (base 4) in base 10?
-1417
-31a0a (base 11) to base 6
-555054
Convert ba24 (base 12) to base 5.
1123401
What is -546 (base 7) in base 13?
-186
What is 1021100 (base 4) in base 7?
16445
326 (base 7) to base 11
142
-20023113 (base 4) to base 15
-9dd0
-12122 (base 5) to base 15
-40c
-2211211212 (base 3) to base 8
-155325
What is a145 (base 12) in base 10?
17477
2801 (base 10) to base 13
1376
Convert 12220121 (base 3) to base 4.
1003111
What is 62160 (base 7) in base 11?
10453
What is -10211 (base 6) in base 2?
-10101011111
What is -43100 (base 5) in base 13?
-1421
1113111 (base 4) to base 7
22203
Convert 5720 (base 12) to base 15.
2cec
What is 11011011100 (base 2) in base 12?
1024
3456 (base 7) to base 9
1656
-21120 (base 5) to base 11
-1072
-2201012 (base 3) to base 5
-30401
What is 88e (base 15) in base 8?
3616
What is -162632 (base 7) in base 3?
-1122012012
2146 (base 8) to base 16
466
348 (base 11) to base 10
415
What is 143142 (base 6) in base 15?
40b5
Convert 195a (base 11) to base 3.
10102001
What is